t d = -38 + 34. What is the units digit of -31*(-2)/((-8)/d)?
1
Let p(c) = c. Let o(q) = -4*q - 8. Let n(v) = 2*o(v) + 24*p(v). What is the tens digit of n(12)?
7
Let g be (-8)/36 + (-11)/(-9). Let j = 1 - g. Suppose j = 5*v - 3 - 2. What is the units digit of v?
1
Let c = -68 - -374. What is the hundreds digit of c?
3
Let i = 348 + -266. What is the units digit of i?
2
Let m(x) = -1281*x - 816. What is the hundreds digit of m(-4)?
3
Suppose 1 = 2*g + 3*q + 7, 3*g + 9 = 3*q. What is the hundreds digit of -5*g/30*492?
2
Let d(k) = -2*k**2 - 9*k + 7. Let l be d(-5). Let r be (-5)/(-2)*1*l. Suppose -3*s + 106 = -2*m, 0 = 4*m - 3*m + r. What is the tens digit of s?
3
Suppose -1428 = -5*r - l, 0 = 10*r - 12*r - 4*l + 582. What is the tens digit of r?
8
Suppose 30*b = 27*b + 6. Suppose -3*q + 331 = -2*m, -q - b*m - 9 = -114. What is the tens digit of q?
0
Let d be -2*-7*(-1)/(-2). What is the units digit of (-2)/((-2)/d) + 1?
8
Let q(b) = 5*b - 3*b - 7 - 5*b - 3*b. What is the units digit of q(-4)?
7
Suppose 5*i - 8801 = -3*s - 2078, 0 = 3*s + 12. What is the hundreds digit of i?
3
Let x(y) = 3*y + 3. Suppose 0 = -m + 3*m - 24. Let d = 18 - m. What is the tens digit of x(d)?
2
Let u be ((-20)/(-70))/((-1)/(-7)). Suppose 2*p - 3*g = 413, u*p + 2*g - 393 = g. What is the units digit of p?
9
Let o = -832 - -1427. What is the tens digit of o?
9
Let k = -50 - -53. Suppose -k*r = -4*n + 71, 3*n - 13 = 2*n - 4*r. What is the units digit of n?
7
Let b = 171 - -640. What is the hundreds digit of b?
8
Let g = 71 + -66. Suppose g*a - 2*l - 3*l - 560 = 0, -4*l + 336 = 3*a. What is the hundreds digit of a?
1
Suppose 4 = 4*o, -4*p + 0*p + 4*o + 18028 = 0. What is the thousands digit of p?
4
Let o(l) = 576*l**2 - 3*l + 3. What is the units digit of o(1)?
6
Let u(s) = -s**2 + 5*s + 8. Let t be u(6). Suppose -5*g - 85 = -5*q, -g + 13 + 21 = t*q. What is the units digit of q?
7
Let q be 89/13 - (-14)/91. Suppose a = -a - 5*x + 23, 4*a - 3*x - q = 0. Let n = 31 + a. What is the units digit of n?
5
Let g = -144 - -486. What is the units digit of g?
2
Let c = -1 + 21. Let z = c + -7. Let w = 1 + z. What is the units digit of w?
4
Suppose -4*g = 4*n - 11000, -8*n + 13*n = -4*g + 10999. What is the tens digit of g?
5
Let h = 2850 + -1411. What is the units digit of h?
9
Let a(x) = x**2 + x. Let l be a(-2). Suppose 141 = l*f - 65. What is the tens digit of f?
0
Suppose -2*p - 2*v + 112 = -3*p, -572 = 5*p + 2*v. What is the units digit of (-1)/((-454)/p - 4)?
7
Let c(x) = -x**2 + 9*x - 18*x - 9 + 27*x. What is the tens digit of c(10)?
7
Suppose 3*z + 4*i = 92, 91 = 3*z + 7*i - 2*i. Let c = 52 - z. What is the units digit of c?
0
Suppose 152 - 582 = -5*u. Let v = 182 - u. What is the units digit of v?
6
What is the units digit of 6/16 - ((-137052)/32)/27?
9
Let k = 16 + -8. Suppose 2*y + 6 = -4*o - k, -23 = 4*o - y. What is the units digit of (-2)/o + (-3332)/(-70)?
8
Let k = -106 + 172. Let m = k - 41. What is the units digit of m?
5
Suppose 2*n = 6, -4*n - 3 = -i - 4. Let q(z) = -z**3 + 10*z**2 + 14*z + 5. What is the tens digit of q(i)?
3
Let o = -30 + 114. Let j = o + 21. What is the hundreds digit of j?
1
Let m = 49 + -36. What is the units digit of m?
3
Let c(p) = -425*p + 132. What is the thousands digit of c(-4)?
1
Suppose 0 = -4*h - j + 4*j + 21, 0 = 4*h - j - 15. Suppose h*s + 11 = 53. Let q = s - 0. What is the tens digit of q?
1
Suppose -3*r + 8 - 2 = -3*d, -5*r = d - 22. Suppose 0 = x + 1 - r. What is the units digit of x?
3
Let k(d) = 47*d**2 + 7*d + 9. What is the tens digit of k(-3)?
1
Let k = -91 - -36. Let f = -52 + 22. Let w = f - k. What is the units digit of w?
5
Let a be (0 - 77) + (-2 + 5 - -1). Let d = -62 - a. What is the tens digit of d?
1
Let x(r) = 6*r + 6. Suppose 2*o + 5*g + 5 = 0, 0 = o + g - 5*g - 4. Let t(u) = -u**3 + 2*u**2 + 5. Let f be t(o). What is the tens digit of x(f)?
3
Suppose -112*m - 40112 = -135*m. What is the thousands digit of m?
1
Suppose 2*h - 4*h = 2*c - 544, 4*h + 1378 = 5*c. What is the tens digit of c?
7
Let c(m) = 4*m**2 + 8*m + 11. Suppose 2*g - 3 = -9. What is the tens digit of c(g)?
2
Let z(u) be the third derivative of -u**6/120 - 7*u**5/60 - u**4/3 - 3*u**3/2 + 8*u**2. Let a be z(-6). Suppose -a*m = 2*m - 135. What is the tens digit of m?
2
Let a = 69 + 319. What is the hundreds digit of a?
3
Suppose -5*c + 6*s = 4*s - 902, c + 4*s = 198. What is the units digit of c?
2
Suppose -26*w + 47571 = -7913. What is the units digit of w?
4
Suppose 22*h = -20*h + 65646. What is the hundreds digit of h?
5
Let h(r) = r**3 + 6*r**2 - 2*r + 1. Let i be h(-6). Let t = -154 - i. Let s = 236 + t. What is the tens digit of s?
6
Suppose 0 = 3*c - 6*c + 27. What is the units digit of 2/c + (-914)/(-18)?
1
Let t(n) = -5*n**3 - 2*n**2 + n + 5. Let l be t(4). Let j = l + 503. What is the units digit of j?
0
Let j be (3/4)/((-7)/(-28)). Suppose -l - 2*h + 18 = j*l, l = 4*h - 18. What is the units digit of (-897)/(-33) - l/11?
7
Let y be 4*(-18)/12 + 20. Suppose i - 2*v = 5, 2*v = 3*i - 0*v + 5. What is the tens digit of y*6/(-15)*i?
2
Suppose d + 3*y = 11, 3*d - 3*y = -2*d + 1. Suppose -194 = 3*z - 5*z - 4*m, d*m = 2*z - 194. What is the units digit of z?
7
Let j(g) = -69*g - 62. What is the units digit of j(-6)?
2
Let n be (-2 - -599 - -2) + -1. Let s be 4/20 + n/10. Suppose y + y = s. What is the tens digit of y?
3
Let s(j) = 7*j**3 + 4*j - 5*j + 4*j**3 - 7*j**2 + 3. Let f(g) = 6*g**3 - 4*g**2 - g + 2. Let w(y) = -5*f(y) + 3*s(y). What is the units digit of w(1)?
3
Let i = 3530 + -2304. What is the units digit of i?
6
Let p(f) = -2*f - 8. Let w be p(8). Let z be (-29)/(-6) + (-4)/w. Suppose 0 = 5*t - 3*v + 2*v - 131, -z*v - 115 = -5*t. What is the units digit of t?
7
Let r(u) = 62*u + 34. What is the units digit of r(4)?
2
Suppose -3*h + 5*i = -8*h + 55, -17 = -4*h + 5*i. Let k be (-18)/h + (-7)/(-28). What is the units digit of 38/(k/(-1)) + 3?
2
Suppose -17*h + 7786 = -0*h. What is the units digit of h?
8
Let x(w) = w**3 + 4*w**2 + 5*w + 2. Let c be x(-3). What is the tens digit of (-178)/6*(c - 6/(-6))?
8
Let n(x) = -34*x + 29. Let w be n(5). Let m = 280 + w. What is the tens digit of m?
3
Suppose 4*s = u + 16, -2*u + 1 = -7. Suppose 0 = s*y - 734 - 191. What is the tens digit of y?
8
Let h(s) be the first derivative of -15*s**2 + 14*s - 9. Let j be h(-7). Suppose 4*t + 4*v - j = 0, 2*v - 11 = -t + 49. What is the units digit of t?
2
Let l = 5 - 12. What is the units digit of ((-1)/3)/(l/1092)?
2
Let a = -174 - -436. Suppose -4*r + a = -134. What is the tens digit of r?
9
Suppose 2*a - 28 + 4 = 0. Suppose -a = -5*q - 3*v, 5*q - q - 8 = -4*v. Suppose -5*h = -q*h - 40. What is the tens digit of h?
2
Let j(u) = -u**3 + 5*u**2 + 2*u + 5. Suppose 0*m + m = 4. What is the tens digit of j(m)?
2
Let v = 1 + 0. Let s be (-1 - 8)/v - 1. Let r = s + 40. What is the tens digit of r?
3
What is the tens digit of (962 + 10)*1/1?
7
What is the units digit of (-308)/(-6)*9/6?
7
Let l(c) = c**2 - 11*c - 12. What is the units digit of l(-7)?
4
Let o = -44 + 79. Let r = -7 + o. What is the tens digit of r?
2
Suppose 8*c - 1463 = -3*o + 3*c, o = -2*c + 486. What is the hundreds digit of o?
4
Let q = 779 + -232. What is the units digit of q?
7
Let y be (-3 - -2)/(1/(-16)). Let k = y + -8. What is the units digit of ((-3)/2)/(k/(-32))?
6
Let k(i) = i**3 - 9*i**2 + 12*i + 4. What is the tens digit of k(11)?
7
Let s = 8383 - 3680. What is the units digit of s?
3
Let v(z) = -1 + 0 - 12*z**2 + 23*z**2 + 24*z**2. What is the hundreds digit of v(-2)?
1
Suppose 5 = -5*h + 5*o - 0, 0 = -3*h + 4*o - 8. Suppose 121 + 15 = h*k. What is the units digit of k?
4
Suppose -15884 = -39*n + 20*n. What is the tens digit of n?
3
Let s = 27 - 18. Let v(d) = -d**2 + 14*d - 25. What is the tens digit of v(s)?
2
Let u(h) = h**3 + 6*h**2 + 6*h + 1. Let p be u(-5). Let g be (8/p)/2 - -4. Suppose -v - g*v + 28 = 0. What is the units digit of v?
7
Let u = 566 - 324. What is the hundreds digit of u?
2
Let r(t) = 2*t + 17. Let p be r(3). Let h = 99 - p. What is the units digit of h?
6
What is the thousands digit of (0 - 8)/(7040/(-3516) + 2)?
3
Suppose 0 = 5*u - 3*k - 4936, -2*u + 2767 - 792 = -k. What is the hundreds digit of u?
9
Suppose 25 = -4*j - 31. Let o(n) = n**2 + 15*n + 1